ctors of j.
2, 3, 5
Let g be (-1)/(20/(-856)) - (-12)/(-15). Suppose -5*s = k + 5, -3*s = 4*k - 6*k + g. List the prime factors of k.
3, 5
Suppose -s - 3*y - 30 = 0, -y - 134 = 4*s - 3*y. Let a = -18 - 42. Let q = s - a. List the prime factors of q.
3
List the prime factors of (-1 + 27/(-6))*(-243 - -71).
2, 11, 43
Suppose 3266 = -8*b + 12722. List the prime factors of b.
2, 3, 197
Let v be (-2)/(-4 + (-30)/(-7)). Let c(s) be the first derivative of s**4/4 + 2*s**3 - 9*s**2/2 + 9*s + 1. List the prime factors of c(v).
23
Let o be (1/2)/(15/(-150)). Let i be (1 + o - 2)*4. Let q = 68 + i. List the prime factors of q.
2, 11
Let t = 613 + -248. List the prime factors of t.
5, 73
Suppose 4*u = 2*g - 3270, -5*g + 18*u - 19*u = -8197. What are the prime factors of g?
11, 149
Let i be (10/(-6))/(2/6). Let n be 0 - 1 - 5*i. What are the prime factors of 18/n + (-274)/(-8)?
5, 7
Let j be (6/(-3))/((-3)/15). Suppose 4*t - j = -2*f, 3*t + 4*f - f = 12. What are the prime factors of (-30)/(-1 - -1 - t)?
2, 3, 5
Let n = 3381 - 1172. List the prime factors of n.
47
Suppose -32*v = -37*v + 90. List the prime factors of v.
2, 3
Suppose -13*b = 2*b - 60. Let g be (-2 - -25)/(1/1). Suppose -r + 1 = 0, 33 + g = 3*s - b*r. What are the prime factors of s?
2, 5
Suppose 48 + 15 = -7*g. Let u = 107 + g. List the prime factors of u.
2, 7
Suppose -60 = 5*u - 3*g - 8093, 4*g - 1602 = -u. What are the prime factors of u?
2, 11, 73
What are the prime factors of 774004/476 - (-4)/(-68)?
2, 3, 271
Suppose -4*g + 1 = -15. Suppose -2*y - 3*l + 19 = -33, -5*y + 130 = -g*l. List the prime factors of y.
2, 13
Suppose -1519 + 367 = -9*s. Suppose 0*x + 4*h + s = x, -x = 5*h - 83. List the prime factors of x.
2, 3
Let h be (8/24)/(2/(-6)). Suppose -p = 5*l - 2*p - 158, -5*p = 3*l - 78. What are the prime factors of (l/(-3))/(h/3)?
31
Let s(g) = -37*g - 1. Let j be s(-13). Suppose -250 = -10*w + j. What are the prime factors of w?
73
Let n(i) = i**3 - 5*i**2 - 6*i + 4. Let y be n(6). Let h be (5 - y)*(1 - 0). Let s(l) = 26*l**2. List the prime factors of s(h).
2, 13
Suppose 4*n - 205 = -13. Let t = n + 38. Suppose -5*f + 2 = k, 0*k = 3*k - 5*f - t. What are the prime factors of k?
2, 11
List the prime factors of (2 + (-4725)/10)*-2.
941
Suppose 0 = 3*u - 4*u + 97. Suppose -2*y = -20 - 24. Let w = u - y. What are the prime factors of w?
3, 5
Let o(c) = c + 6. Let y be o(-4). Let n be (-1)/(y - 3) + 9. Suppose -14*k = -12*k - n. List the prime factors of k.
5
Suppose 8*f - 287 - 449 = 0. What are the prime factors of f?
2, 23
What are the prime factors of (169/13)/((-4)/3)*-312?
2, 3, 13
Suppose 8*j - 6246 - 28226 = 0. List the prime factors of j.
31, 139
Let s(x) = 2*x**2 - 6*x + 26. Let k be s(11). Suppose -5*z + 4*j + 475 = 0, -5*z + 677 = -5*j + k. What are the prime factors of z?
5, 19
Suppose -2*c + 149 = -205. Suppose 4*s + q + 146 = -97, c = -3*s + q. List the prime factors of 1/(-5) - 972/s.
2
Let w = -63 - -68. Suppose -12*j + 588 = -w*j. List the prime factors of j.
2, 3, 7
Suppose -5*h - 161 = 2*y - 1902, -5*y + 4305 = 3*h. What are the prime factors of y?
2, 3, 11, 13
Let l(g) = g**3 - 6*g**2 + 2*g - 4. Let a be l(6). Let p be ((-6)/5)/(a/(-20)). Suppose -18 = -p*f + 3. What are the prime factors of f?
7
Let b be ((-10)/(-35) - 1222/14) + -3. List the prime factors of -14*(b - -5)/5.
2, 7, 17
Suppose 164*s + 20 = 160*s. List the prime factors of 26/(((-10)/s)/8).
2, 13
What are the prime factors of ((-22)/22)/((1 + 0)/(-870))?
2, 3, 5, 29
Suppose 2*q - 240 = 2*v + 440, 2*v + 4 = 0. What are the prime factors of q?
2, 13
Let o = 10 - 13. List the prime factors of (-29 + -9)/(o/(-5) - 1).
5, 19
Let c(j) = -j**3 + 3*j**2 - 4*j + 20. Let y be c(8). Let o = -179 - y. What are the prime factors of o?
3, 17
Suppose 5*c - 3*j - 11 = 0, 0 = 2*j + j - 9. What are the prime factors of (-4)/((-560)/(-3087) - c/18)?
2, 7
List the prime factors of 14/12 + (-1555063)/(-354).
2, 13
Let k(z) be the third derivative of 7*z**4/24 - 7*z**3/2 + 10*z**2. List the prime factors of k(9).
2, 3, 7
Let l be 3/24 - 1102/(-16). Let o = l + -20. List the prime factors of o.
7
Let s(k) = k**2 + 38*k + 289. List the prime factors of s(-40).
3, 41
Suppose 0 = -32*r + 28*r + 3092. What are the prime factors of r?
773
Suppose 23 + 12 = v - c, -c = -2*v + 75. Let i = v - -16. List the prime factors of i.
2, 7
Suppose -f + 12 = 2*f. Suppose f*y = y + 12. Suppose 7 = y*a - 9. What are the prime factors of a?
2
Let z = -66 + 266. List the prime factors of z.
2, 5
Let g = -59 + 59. Suppose -5*m - 20 = g, 0 = -0*y - 2*y + 5*m + 516. List the prime factors of y.
2, 31
Suppose 7947 = 9*a - 16452. What are the prime factors of a?
2711
Let b(u) = -u**3 - 5*u**2 + 5*u - 2. Let j be b(-6). Suppose -36 = -d - t + 2*t, 0 = 5*d + j*t - 216. List the prime factors of d.
2, 5
Let x be ((-4)/(-12))/((-2)/(-30)). Let u(f) = f**2 + 7*f - 1. What are the prime factors of u(x)?
59
Let u(h) = 35*h**3 - 4*h**2 + 3*h - 2. Let v be u(1). Suppose -4*r = -2*x + 184, r + 400 = 4*x + v. What are the prime factors of x?
2, 23
Let g = 87 - 172. Let n be (-646)/g + (-4)/(-10). Suppose -7*q - 21 = -n*q. What are the prime factors of q?
3, 7
Let z(p) = p**3 + 4*p**2 + 24*p + 3. Let c be z(11). Suppose 164 = -7*k + c. List the prime factors of k.
2, 137
Let o(y) = 3*y**3 - 3*y**2 + 29*y - 83. List the prime factors of o(8).
1493
Let v = 1788 - 885. List the prime factors of v.
3, 7, 43
List the prime factors of (4396/(-35))/(6/(-15)).
2, 157
Suppose -158 = -3*m + 2*j, 2*m + j = 4*m - 104. Let p = -63 - m. Let n = -79 - p. What are the prime factors of n?
2, 17
Suppose 0*k - k = -7. Suppose -3*h + k*h = 248. What are the prime factors of h?
2, 31
Suppose -138*w = -133*w - 940. What are the prime factors of w?
2, 47
Suppose 3*f + y = 2 + 8, -4*y + 18 = f. Let b be f/6*(5 + -11). List the prime factors of 6/b + (0 - -34).
31
Let s = -20 + 24. Suppose 7 = s*w - 5*d + 2*d, 5*w = 2*d + 14. List the prime factors of 24/9*42/w.
2, 7
Let s(p) = p**3 - 8*p**2 + 4*p - 33. What are the prime factors of s(15)?
2, 3, 89
List the prime factors of 78/182 + 5625/7.
2, 3, 67
Let c = 2821 + -866. What are the prime factors of c?
5, 17, 23
Let f(v) = v + 4. Let m be f(6). Let p(x) = -m*x - 2*x - 7 + 2*x**2 + 13. List the prime factors of p(9).
2, 3, 5
Let k(r) = r**3 + 23*r**2 - r + 2145. What are the prime factors of k(0)?
3, 5, 11, 13
Let r(i) = 4*i**3 - 7*i**2 + 8*i - 22. What are the prime factors of r(5)?
7
Suppose -5*p + 3715 = -n - 2423, 5*p = 5*n + 6150. What are the prime factors of p?
3, 409
Let h = 9355 - 6206. List the prime factors of h.
47, 67
Let x be (1*36)/4 - 4. Let r = x - 2. What are the prime factors of (-15 - -3)/r - -31?
3
Let y = 43 + -33. List the prime factors of 4/y + 774/15.
2, 13
Let f = 2345 + -1009. What are the prime factors of f?
2, 167
Suppose 114*c - 108*c = 10968. What are the prime factors of c?
2, 457
Let k(c) = 3*c - 5*c**2 + c - c + 5 - c**3. Let f(q) = q**3 + 8*q**2 + 2*q + 10. Let p be f(-8). List the prime factors of k(p).
23
Let a = 743 - 544. List the prime factors of a.
199
Suppose 5*w - 2*r = -r + 1645, -5*w + 1645 = 4*r. Suppose -w = -5*i - a, 4*i = 5*a + 47 + 222. What are the prime factors of i?
2, 3, 11
Let b be -3 + 0 + (-86 - -4). Let m = b + 145. List the prime factors of m.
2, 3, 5
What are the prime factors of 12139/8 - (-54)/(-144)?
37, 41
Let d = 534 + -57. List the prime factors of d.
3, 53
Suppose -3*n = -3*g + 558, 3*g - g = -2*n + 356. Suppose g = 2*f + q, 0*f - 2*q = 2*f - 186. List the prime factors of f.
89
Suppose -7*f - 128 = -8*f. List the prime factors of f.
2
Let j(p) = 16*p - 70. What are the prime factors of j(14)?
2, 7, 11
Let l = 147 + -269. Let d = l - -182. What are the prime factors of d?
2, 3, 5
Let f = 145 - 120. Suppose 5*h - 4*j = j - 65, -81 = 5*h + 3*j. Let m = h + f. List the prime factors of m.
2, 5
List the prime factors of (-6)/(-8) - (41481/(-36) + -1).
2, 577
Let y be ((-4)/(-2))/(16/24). Let a be y*1 - 14/(-14). Suppose -4*l - 176 = -4*s, 0*l = -s + a*l + 59. List the prime factors of s.
3, 13
Let u(o) = o**2 - o - 1. Let t(c) = -c**3 + 4*c**2 - 4*c + 32. Let d(z) = t(z) - 3*u(z). What are the prime factors of d(0)?
5, 7
Suppose v = -5, 2*v = 3*l - 0*v - 10. Suppose 